ive g(-1).
-9
Let c = -274/45 - -439/72. Let a(h) be the third derivative of -1/3*h**3 + 0*h + 0 + 3/20*h**5 - 5/24*h**4 - c*h**6 + 34*h**2. Calculate a(8).
22
Let v = 7888 - 7873. Let s(q) = -q**3 + 16*q**2 - 13*q - 33. Determine s(v).
-3
Let k(g) = -5*g - 2. Let i be 44/2*(-5)/(-10). Let r(a) = -23 + i + a + a. Let v be r(5). What is k(v)?
8
Let k(g) = 12*g**2 + 95*g - 3. Let y(f) = -11*f**2 - 86*f + 3. Let x(c) = -10*k(c) - 11*y(c). Suppose 2*u - 4 = u. Give x(u).
-3
Let r(q) = 3*q - 18. Let v be 7*1 + (224 - 13). Suppose -4*o - v = -250. What is r(o)?
6
Let t(d) be the first derivative of 98 - d - 11/2*d**2. Give t(1).
-12
Let k(o) = -4*o**2 - o - 9. Let v(m) = -5*m**2 - 10. Let t(s) = 4*k(s) - 3*v(s). Suppose -y = 3*y - 8. Suppose -i - 12 = y*i. What is t(i)?
-6
Let u(t) be the first derivative of -t + 17/2*t**2 + 4. Let l be (-12)/(-8) + (-3)/6. Calculate u(l).
16
Let z(y) be the second derivative of y**4/12 - 2*y**3/3 - 3*y**2 + 1060*y. Calculate z(8).
26
Let s(a) = -71*a + 5050. Let g be s(71). Let w(p) = 4*p - 97. What is w(g)?
-61
Suppose 91 - 85 = 2*r. Let b(s) = -s**3 + 9*s**2 - s + 6. Let z(x) = -x + 1. Let f(k) = r*z(k) + b(k). What is f(8)?
41
Let c(k) be the first derivative of k**3/3 - 23*k**2/2 - 75*k + 8222. Determine c(-3).
3
Let w = -241 + 244. Let j(c) = -c - c**w + 0*c - 10 - 45*c**2 + 46*c**2. Calculate j(0).
-10
Let w(r) be the third derivative of r**8/20160 + r**7/840 + r**6/240 + r**5/60 + 5*r**4/8 - 34*r**2. Let u(q) be the third derivative of w(q). Give u(-3).
-6
Let b(k) = k**3 + 5*k**2 - 8*k - 6. Let h(z) = -z**3 + 18*z**2 + 2*z - 38. Let o be h(18). Let g be (88/(-33))/(o/6). Let u be -6*(-3 + g)/5. Determine b(u).
6
Let i(p) = -14*p**2 + 49*p - 22. Let d be i(3). Let a(n) = 2*n**2 - 28*n - 27. What is a(d)?
3
Let b(c) be the second derivative of -1/2*c**4 + 0*c**2 + 1/3*c**3 + 1/10*c**5 + 0 - 135*c. Give b(3).
6
Let q(m) = -50*m**2 + m + 1. Let t(g) = 502*g**2 - 24*g - 106. Let s(x) = -10*q(x) - t(x). Determine s(11).
8
Let a(x) = x**3 + 38*x**2 + 12*x - 1. Let o(l) = -l**3 - 32*l**2 - 11*l + 3. Let u(z) = -6*a(z) - 7*o(z). What is u(4)?
5
Let n(v) = -v**2 - 6*v + 8. Suppose -k = -5*x - 48, -15*x + 36 = -19*x + 2*k. Give n(x).
-32
Let i(m) be the second derivative of -m**3/6 - 2*m**2 - m - 46. Let c be (7 + -5)*(1 + -3). Let t(v) = -5. Let n(s) = c*i(s) + 3*t(s). Determine n(-1).
-3
Let a(v) = 6*v. Let i(o) be the third derivative of -o**6/120 + o**5/30 + o**4/12 - 5*o**3/6 - 30*o**2. Let n be i(2). Determine a(n).
-6
Suppose -2*i - 4 = 0, 37 = -2*a + 7*a - i. Suppose 28 = -3*t + a*t. Let v(j) = j**3 - 7*j**2 + 3*j - 7. Give v(t).
14
Let x(q) = 19 + 20*q + q**2 - 44 - 26 + 0. Give x(-22).
-7
Let i(k) = k**3 - 27*k**2 - k + 38. Suppose 0 = -5923*f + 5871*f + 1404. Give i(f).
11
Let g(t) = 6*t + 30. Suppose 78*m + 290 = 43*m - 305. Give g(m).
-72
Let q(a) = 3*a**2 - 2*a + 2. Suppose 0 = -603*t + 594*t - 306. Let d = t + 36. Calculate q(d).
10
Suppose 6 = 5*x + l, -3*x - 2*x + 3*l + 22 = 0. Suppose -d = -x*s + 7*s - 24, 0 = 3*s - 2*d - 17. Let k(a) = 239 - a**3 + s*a**2 + 6*a + 239 - 481. Give k(6).
-3
Let y(v) = -v**3 - 9 - 7 - 1748*v**2 - 7*v - 1 + 1741*v**2 + 12. What is y(-6)?
1
Let l(q) = q**3 + 3*q**2 - 3. Let u be (-18)/24 + (-4)/(-48) + 40/24. Give l(u).
1
Let i(m) = -7*m + 9. Let x(v) = -2*v + 1. Let b(o) = -i(o) + 5*x(o). Let w = 189 + -195. Give b(w).
14
Let y(r) = 3*r**3 + 18*r**2 - 17*r + 15. Let b(k) = -2*k**3 - 12*k**2 + 11*k - 10. Let g(d) = -8*b(d) - 5*y(d). Suppose -65*q - 170 - 285 = 0. Determine g(q).
-23
Let q be 28/7 - (0 - 3)/(-1). Let l(i) = 5*i - 3. Let g(y) = -6*y. Let h(s) = q*g(s) + l(s). Give h(-3).
0
Let j(i) be the first derivative of -i**4/12 + i**3/2 + i**2 + 33*i - 46. Let f(z) be the first derivative of j(z). What is f(-2)?
-8
Let o(x) be the first derivative of x - 2*x**3 - 78 - x**3 + 2*x**2 - 6*x**2 + 2*x**3 - 8*x. Give o(-5).
-42
Let d(m) = m**3 - 5*m**2 - 2*m + 7. Let r be d(5). Let y(n) be the first derivative of 75 - 2*n + 1/2*n**2. Calculate y(r).
-5
Suppose 2*w + 3*w + 45 = -4*k, 3*k = w - 10. Let m(b) be the second derivative of b**4/6 + b**3 - 3*b**2 - 6364*b. What is m(k)?
14
Let j(m) be the third derivative of 5*m**4/12 - m**2. Let y be (-6 - 0) + 250/((-950)/(-19)). Calculate j(y).
-10
Let h(r) = -51*r + 6723. Let l be h(132). Let g(z) be the first derivative of 3*z**2/2 + 25*z + 4. What is g(l)?
-2
Let l(k) = -18*k - 120. Suppose 8*p = -9*p - 205 + 86. Calculate l(p).
6
Let o(k) = 24*k**2 - 6. Let q(y) = 132*y**2 - 32. Let a(i) = 28*o(i) - 5*q(i). Let g(j) = -14*j**2 + j + 10. Let b(f) = 6*a(f) + 5*g(f). Give b(-3).
5
Let k(d) = -d**3 - 10*d**2 - 26*d - 9. Let p be k(-6). Suppose p*i - 12*c + 12 = -14*c, 0 = -3*c - 9. Let j(f) = 3*f**2 + 2*f - 2. Calculate j(i).
6
Let d(g) = 6*g - 47. Suppose -245*o - 45*o = -2900. Give d(o).
13
Let g(h) = -7 - 10*h - 13 + 10 + 8. Give g(2).
-22
Let a = 50 + -33. Suppose 60 = -a*b + 29*b. Let h(p) = p**3 - 6*p**2 + 2*p + 7. Give h(b).
-8
Let b(y) = y**2 + 2*y + 1. Let t(o) = -o**3 - 18*o**2 - o - 17. Let p(n) = b(n) - t(n). Calculate p(-19).
-39
Let z(p) = p**3 - 2*p**2 + 3. Suppose -2*j = a - 12, 0 = -j - a - a. Let s(n) = -3*n**3 + 7*n**2 - n - 8. Let u(i) = j*z(i) + 3*s(i). Give u(3).
9
Let b(u) = u - 3723*u**3 - 14 + 15*u**2 + 1861*u**3 + 1863*u**3 - 11 + 23*u. Calculate b(-13).
1
Let p(x) = -x**2 + 2*x - 5. Suppose 28*q = 415 - 3467. Let v = q - -115. What is p(v)?
-29
Let b be 19 - (-6 + 12/(-2) + 13). Let g(u) = 7*u - b*u - 10 + 10*u - 1. What is g(-4)?
-7
Let g = 537 + -571. Let m(r) = -7*r - 245. Let h be m(g). Let o(x) = x**2 + 9*x - 3. Give o(h).
-17
Let a(p) = -p + 3. Let m(s) = -s**2 + 3*s + 9. Let w be m(4). Let i be 21/(2 - w - -4). Suppose -2*k = -9*k + i. Determine a(k).
0
Let g(d) = -29*d**2 - 87*d + 16. Let c(i) = 12*i**2 + 35*i - 7. Let n(v) = 12*c(v) + 5*g(v). Give n(-11).
40
Let l(j) = 367 - 63303*j - 63297*j + 126611*j. What is l(-33)?
4
Let w(o) = 64*o - 1151. Let b = -4502 - -4520. What is w(b)?
1
Let v(m) be the third derivative of -m**4/24 + 11*m**3/6 - 10*m**2. Suppose -5*l - 3*h = -79, 3*l + 2*h + 5 = 54. Give v(l).
0
Let q(a) = -13*a**2 + 3*a - 4. Let p = 9844 + -9842. Determine q(p).
-50
Suppose 4*n + 5*i + 10 = 18, 5*n = -i + 10. Suppose 0 = 3*h + h - 32. Let r(l) = 9*l + h*l - 2 - 16*l. Give r(n).
0
Let f(y) be the third derivative of 49*y**2 - 2 + 1/6*y**3 - 1/8*y**4 + 0*y. Give f(1).
-2
Let u(z) be the second derivative of z**4/4 - 13*z**3/3 + 5*z**2 + 2*z - 2440. What is u(8)?
-6
Let i(d) = 13*d**3 + 21*d**2 - 26*d - 9. Suppose 0 = -5*o + 47*o - 84. Let w(h) = -3*h**3 - 5*h**2 + 6*h + 2. Let y(n) = o*i(n) + 9*w(n). Calculate y(-4).
8
Let r(g) = -5*g**2 + 35*g + 4. Let a(w) = -w**2 - w + 313. Let m be a(-18). What is r(m)?
4
Let s(o) = 50 + 31 - 90 - o**2 + 31. What is s(0)?
22
Let r(p) be the third derivative of -47*p**5/60 - p**4/24 - 4224*p**2. Determine r(1).
-48
Let z(c) = -c**3 + 16*c**2 - 4*c + 22. Let v(o) = 5*o**2 + 269*o + 778. Let p be v(-3). Give z(p).
-42
Let j(t) = t**3 + 20*t**2 + 36*t. Suppose -2*k + 5*c - 309 = -263, 0 = -4*k + c - 74. Give j(k).
0
Suppose 9*d - 93 = 22 + 2. Let w(k) = -k**3 + 12*k**2 + 14*k - 19. Calculate w(d).
-6
Let x(y) be the second derivative of -y**4/12 + 14*y**3/3 - 183*y**2/2 - 15557*y. Determine x(17).
4
Let p(f) = 5*f**2 + f - 2. Suppose -2*w + 1 + 13 = 3*x, 4*w = -3*x + 22. Suppose -23 = w*q - 27*q. What is p(q)?
4
Let k(h) be the second derivative of 1/8*h**4 + 9*h**2 + 3*h + 1/6*h**3 + 0. Let c(g) be the first derivative of k(g). Determine c(5).
16
Let j(g) = g**3 - g + 1. Let c(d) = -3*d**3 + 7*d**2 - 5*d - 4. Let z(b) = c(b) + 2*j(b). Let s = 1108 + -1109. Let l be (-32 + 27)*1/s. Give z(l).
13
Let f(h) = -28*h**2 - 4*h + 2. Let d be f(1). Let g be (-20)/d*(-9)/2. Let w(r) = r**2 + 3*r + 3. Determine w(g).
3
Let p(j) = -j + 8. Let m = -155 + 160. Suppose 10 = -3*d - m, -5*s + 5 = 3*d. Determine p(s).
4
Let m(a) = 10*a**3 + 3823*a + a**2 - 3823*a - 3*a**3. Determine m(-1).
-6
Let f(c) = -4*c + 1. Let l(b) = 5*b - 2. Suppose 10*g + 1 = -29. Let q(w) = g*f(w) - 2*l(w). Determine q(5).
11
Let k(d) = -3288*d**3 + 2*d**2 + 1656*d**3 - 1 + 2 + 1633*d**3 - 3*d**2 + d - 3. Suppose -2*i + 4*o = -3*i - 13, -5*i = 5*o + 20. Let w = -1 - i. Give k(w).
-2
